der when 1226 is divided by 15?
11
Calculate the remainder when 170 is divided by 64.
42
What is the remainder when 5261 is divided by 5?
1
What is the remainder when 132 is divided by 15?
12
Calculate the remainder when 2712 is divided by 50.
12
Calculate the remainder when 2961 is divided by 213.
192
Calculate the remainder when 183 is divided by 71.
41
Calculate the remainder when 285 is divided by 16.
13
What is the remainder when 140 is divided by 45?
5
Calculate the remainder when 4291 is divided by 5.
1
What is the remainder when 1341 is divided by 84?
81
What is the remainder when 2997 is divided by 77?
71
What is the remainder when 9205 is divided by 31?
29
What is the remainder when 505 is divided by 59?
33
What is the remainder when 186 is divided by 164?
22
What is the remainder when 323 is divided by 169?
154
What is the remainder when 7728 is divided by 1927?
20
What is the remainder when 34266 is divided by 230?
226
Calculate the remainder when 189 is divided by 52.
33
Calculate the remainder when 91 is divided by 12.
7
Calculate the remainder when 5164 is divided by 21.
19
Calculate the remainder when 279 is divided by 62.
31
Calculate the remainder when 16293 is divided by 12.
9
What is the remainder when 449 is divided by 75?
74
Calculate the remainder when 135 is divided by 50.
35
Calculate the remainder when 197 is divided by 54.
35
Calculate the remainder when 84 is divided by 48.
36
What is the remainder when 59 is divided by 18?
5
Calculate the remainder when 251 is divided by 42.
41
Calculate the remainder when 5382 is divided by 25.
7
What is the remainder when 247 is divided by 153?
94
Calculate the remainder when 1095 is divided by 10.
5
Calculate the remainder when 537 is divided by 108.
105
Calculate the remainder when 1109 is divided by 87.
65
Calculate the remainder when 326 is divided by 120.
86
What is the remainder when 1626 is divided by 233?
228
What is the remainder when 183 is divided by 38?
31
What is the remainder when 1511 is divided by 138?
131
What is the remainder when 300 is divided by 45?
30
What is the remainder when 320 is divided by 54?
50
Calculate the remainder when 191 is divided by 155.
36
What is the remainder when 840 is divided by 262?
54
What is the remainder when 25 is divided by 17?
8
What is the remainder when 9754 is divided by 14?
10
Calculate the remainder when 123 is divided by 18.
15
Calculate the remainder when 380 is divided by 190.
0
What is the remainder when 351 is divided by 181?
170
What is the remainder when 2083 is divided by 174?
169
Calculate the remainder when 43 is divided by 42.
1
Calculate the remainder when 75 is divided by 14.
5
What is the remainder when 254 is divided by 2?
0
What is the remainder when 1101 is divided by 155?
16
What is the remainder when 12 is divided by 7?
5
What is the remainder when 316 is divided by 20?
16
Calculate the remainder when 90 is divided by 16.
10
Calculate the remainder when 1092 is divided by 9.
3
Calculate the remainder when 3179 is divided by 139.
121
Calculate the remainder when 4767 is divided by 22.
15
Calculate the remainder when 107 is divided by 18.
17
Calculate the remainder when 3980 is divided by 35.
25
Calculate the remainder when 120 is divided by 28.
8
What is the remainder when 238 is divided by 40?
38
Calculate the remainder when 422 is divided by 120.
62
Calculate the remainder when 1037 is divided by 1037.
0
What is the remainder when 42 is divided by 24?
18
What is the remainder when 87 is divided by 20?
7
What is the remainder when 95 is divided by 11?
7
Calculate the remainder when 145 is divided by 31.
21
Calculate the remainder when 95 is divided by 11.
7
Calculate the remainder when 130 is divided by 40.
10
Calculate the remainder when 435 is divided by 426.
9
What is the remainder when 70 is divided by 17?
2
What is the remainder when 305 is divided by 106?
93
Calculate the remainder when 188 is divided by 108.
80
Calculate the remainder when 8084 is divided by 147.
146
Calculate the remainder when 1318 is divided by 145.
13
Calculate the remainder when 82 is divided by 14.
12
Calculate the remainder when 275 is divided by 4.
3
What is the remainder when 161 is divided by 9?
8
Calculate the remainder when 346 is divided by 327.
19
Calculate the remainder when 1925 is divided by 108.
89
What is the remainder when 97 is divided by 41?
15
What is the remainder when 78 is divided by 10?
8
What is the remainder when 197 is divided by 100?
97
What is the remainder when 238 is divided by 3?
1
Calculate the remainder when 248 is divided by 26.
14
What is the remainder when 114 is divided by 39?
36
What is the remainder when 887 is divided by 86?
27
What is the remainder when 262 is divided by 60?
22
Calculate the remainder when 168 is divided by 65.
38
Calculate the remainder when 997 is divided by 168.
157
What is the remainder when 127 is divided by 43?
41
Calculate the remainder when 73 is divided by 14.
3
What is the remainder when 2996 is divided by 188?
176
Calculate the remainder when 368 is divided by 10.
8
What is the remainder when 45 is divided by 38?
7
Calculate the remainder when 2391 is divided by 26.
25
What is the remainder when 340 is divided by 49?
46
Calculate the remainder when 362 is divided by 41.
34
Calculate the remainder when 214 is divided by 13.
6
What is the remainder when 86 is divided by 8?
6
Calculate the remainder when 231 is divided by 48.
39
Calculate the remainder when 441 is divided by 20.
1
Calculate the remainder when 10809 is divided by 102.
99
What is the remainder when 326 is divided by 62?
16
Calculate the remainder when 143 is divided by 18.
17
What is the remainder when 164 is divided by 37?
16
What is the remainder when 1478 is divided by 12?
2
What is the remainder when 1315 is divided by 30?
25
Calculate the remainder when 337 is divided by 57.
52
What is the remainder when 60602 is divided by 391?
388
Calculate the remainder when 10426 is divided by 66.
64
What is the remainder when 232 is divided by 70?
22
Calculate the remainder when 2405 is divided by 43.
40
What is the remainder when 59 is divided by 22?
15
Calculate the remainder when 689 is divided by 47.
31
Calculate the remainder when 4155 is divided by 7.
4
What is the remainder when 695 is divided by 58?
57
What is the remainder when 1367 is divided by 230?
217
What is the remainder when 294 is divided by 36?
6
Calculate the remainder when 247 is divided by 59.
11
What is the remainder when 217 is divided by 44?
41
What is the remainder when 291 is divided by 78?
57
What is the remainder when 542 is divided by 15?
2
Calculate the remainder when 5671 is divided by 61.
59
Calculate the remainder when 888 is divided by 106.
40
Calculate the remainder when 740 is divided by 27.
11
Calculate the remainder when 335 is divided by 28.
27
What is the remainder when 367 is divided by 48?
31
What is the remainder when 117 is divided by 24?
21
Calculate the remainder when 39 is divided by 28.
11
What is the remainder when 4523 is divided by 44?
35
Calculate the remainder when 782 is divided by 778.
4
Calculate the remainder when 257 is divided by 37.
35
What is the remainder when 11084 is divided by 15?
14
What is the remainder when 316 is divided by 6?
4
Calculate the remainder when 928 is divided by 93.
91
What is the remainder when 35 is divided by 6?
5
Calculate the remainder when 220 is divided by 67.
19
What is the remainder when 3443 is divided by 5?
3
Calculate the remainder when 142 is divided by 8.
6
What is the remainder when 209 is divided by 73?
63
What is the remainder when 1160 is divided by 83?
81
Calculate the remainder when 95 is divided by 16.
15
Calculate the remainder when 273 is divided by 25.
23
What is the remainder when 1663 is divided by 52?
51
Calculate the remainder when 465 is divided by 18.
15
What is the remainder when 1466 is divided by 59?
50
Calculate the remainder when 229 is divided by 29.
26
Calculate the remainder when 49612 is divided by 111.
106
What is the remainder when 78 is divided by 19?
2
What is the remainder when 41 is divided by 1?
0
What is the remainder when 32 is divided by 18?
14
Calculate the remainder when 435 is divided by 22.
17
What is the remainder whe